and 4497015?
1767
What is the greatest common divisor of 3146 and 12207?
13
What is the greatest common factor of 109737 and 1601667?
1233
What is the greatest common factor of 18 and 1400489712?
18
Calculate the greatest common divisor of 2360542 and 870.
58
Calculate the greatest common divisor of 3441 and 61624869.
3441
What is the greatest common divisor of 3899993 and 2?
1
Calculate the greatest common factor of 774 and 73509747.
129
Calculate the highest common divisor of 13048516 and 281.
281
Calculate the greatest common factor of 56 and 49580181.
7
What is the highest common divisor of 8381 and 11175817?
493
What is the highest common divisor of 148128 and 444?
12
What is the highest common divisor of 10245498 and 18?
6
What is the greatest common divisor of 34385097 and 435?
87
Calculate the greatest common divisor of 12694136 and 15847.
689
What is the greatest common factor of 5 and 6534169?
1
Calculate the highest common factor of 2652914 and 4334.
22
Calculate the highest common divisor of 1575 and 15120.
315
What is the greatest common factor of 4469 and 23912717?
41
What is the greatest common divisor of 203275 and 37887?
173
Calculate the highest common factor of 144695 and 33755.
215
Calculate the highest common factor of 388 and 4908491.
97
What is the highest common divisor of 17040 and 1626?
6
What is the highest common factor of 672 and 2287796?
28
Calculate the greatest common factor of 15910 and 369001.
37
Calculate the highest common divisor of 77363 and 411.
1
Calculate the greatest common factor of 42419 and 9287.
251
What is the highest common divisor of 66386 and 24458?
3494
Calculate the greatest common factor of 2243259 and 37881.
207
What is the highest common factor of 1253004 and 99?
3
Calculate the highest common divisor of 583 and 14158579.
53
Calculate the highest common factor of 29446158 and 3948.
1974
What is the greatest common factor of 47985 and 1287826?
457
Calculate the highest common factor of 29915688 and 1895046.
14466
Calculate the greatest common divisor of 26 and 1447121.
13
What is the greatest common factor of 184393783 and 1932?
161
What is the highest common factor of 100 and 6106?
2
Calculate the greatest common factor of 797264 and 14248.
104
What is the greatest common divisor of 3174 and 1219368?
138
Calculate the greatest common divisor of 494265 and 134460.
1245
Calculate the highest common factor of 634134 and 24.
6
What is the greatest common factor of 252 and 2923599?
21
Calculate the highest common divisor of 1715958 and 972.
54
Calculate the highest common divisor of 368 and 5703425.
23
What is the greatest common factor of 15053555 and 59?
59
What is the greatest common divisor of 2998029 and 1290936?
8493
What is the highest common divisor of 57060 and 995697?
2853
What is the greatest common factor of 4073255 and 705?
235
Calculate the highest common divisor of 9373952 and 336.
112
What is the greatest common divisor of 14 and 35335384?
14
What is the greatest common factor of 15810 and 6414270?
510
Calculate the greatest common divisor of 4692 and 818142.
102
Calculate the highest common factor of 28 and 441261030.
14
Calculate the highest common divisor of 72189 and 1602315.
117
What is the highest common divisor of 8876 and 5105602?
634
Calculate the greatest common divisor of 64700 and 69193415.
3235
Calculate the highest common factor of 110496 and 2488.
8
Calculate the highest common factor of 14560 and 548873.
13
What is the greatest common factor of 643245 and 16640010?
10545
What is the highest common divisor of 3927159 and 2934?
1467
What is the greatest common factor of 1517824 and 29106?
1078
What is the highest common factor of 115808 and 873124?
28
Calculate the greatest common divisor of 1001 and 1039181.
143
What is the highest common divisor of 44975 and 44475?
25
What is the greatest common factor of 1807288 and 23128?
3304
Calculate the greatest common factor of 5644 and 33703146.
2822
Calculate the greatest common factor of 5059285 and 374.
187
Calculate the greatest common factor of 94656132 and 138.
138
Calculate the highest common factor of 41862 and 48732.
6
Calculate the highest common factor of 8704 and 147812864.
512
What is the greatest common divisor of 4577 and 19653638?
4577
What is the greatest common divisor of 4594482 and 2154?
2154
What is the highest common factor of 902727708 and 6?
6
What is the highest common factor of 412177121 and 4874?
2437
Calculate the greatest common factor of 4090 and 27380.
10
Calculate the greatest common divisor of 7354 and 15854.
2
What is the greatest common factor of 180224 and 2662?
22
What is the highest common factor of 158732 and 29008?
28
What is the greatest common divisor of 787604307 and 21?
21
Calculate the greatest common factor of 424 and 320279000.
424
What is the greatest common factor of 1732318 and 84?
14
Calculate the highest common factor of 12324 and 1369331964.
12324
What is the greatest common divisor of 87432300 and 210?
30
Calculate the greatest common factor of 11374 and 48884.
242
Calculate the highest common factor of 385124 and 196.
4
Calculate the greatest common divisor of 352622848 and 1024.
256
What is the highest common divisor of 15 and 34649535?
15
Calculate the highest common factor of 47705868 and 14.
14
Calculate the highest common factor of 239220408 and 42.
42
What is the highest common divisor of 2532126 and 551618?
6646
What is the highest common divisor of 273 and 1183561561?
91
Calculate the greatest common factor of 494 and 2188952.
38
Calculate the greatest common divisor of 17216352 and 384.
96
What is the greatest common factor of 298 and 301400?
2
Calculate the greatest common divisor of 2227 and 7915455.
17
What is the highest common divisor of 3672 and 96827886?
918
What is the greatest common factor of 17997935 and 12305?
535
What is the highest common divisor of 40 and 10219060?
20
What is the greatest common factor of 44588560 and 80?
80
What is the greatest common divisor of 900 and 42293700?
900
Calculate the greatest common divisor of 458076828 and 14898.
1146
What is the greatest common divisor of 490440 and 871?
67
Calculate the greatest common divisor of 25808 and 1472669.
1613
Calculate the highest common factor of 2121 and 119297059.
707
Calculate the greatest common factor of 23681 and 1046143.
1393
What is the highest common divisor of 953943 and 32973?
1137
What is the greatest common divisor of 2090 and 20267830?
110
Calculate the highest common factor of 2526 and 14444931.
1263
Calculate the highest common divisor of 9118656 and 62352.
144
What is the highest common factor of 473 and 51711?
11
Calculate the highest common divisor of 80279043 and 78.
39
Calculate the highest common factor of 1399665 and 4485.
345
What is the greatest common factor of 816 and 50797156?
68
What is the greatest common divisor of 37958517 and 72?
9
What is the greatest common divisor of 4290258 and 1974?
42
What is the highest common factor of 237379737 and 28?
7
What is the highest common factor of 555 and 15487608?
111
Calculate the greatest common factor of 10429818 and 336.
42
What is the greatest common factor of 1101 and 23727?
3
What is the greatest common factor of 30 and 64038075?
15
What is the greatest common divisor of 14739 and 1053405?
867
Calculate the greatest common factor of 22982629 and 14342.
71
What is the greatest common divisor of 280392 and 72?
24
What is the highest common factor of 34771 and 208307?
319
What is the greatest common divisor of 81848 and 7592?
104
Calculate the greatest common factor of 15 and 7413230.
5
What is the highest common divisor of 28592 and 67316290?
3574
What is the highest common divisor of 7 and 723774009?
7
What is the highest common factor of 464 and 31312228?
116
What is the greatest common factor of 1025 and 92025?
25
What is the highest common factor of 14 and 1274140?
14
What is the highest common divisor of 9885 and 670624101?
1977
Calculate the highest common divisor of 3277 and 7094479.
113
What is the greatest common divisor of 513 and 86773950?
513
Calculate the greatest common factor of 2002 and 43484441.
1001
Calculate the highest common divisor of 270 and 753832980.
270
What is the highest comm